{"id":7492,"date":"2019-11-14T00:08:43","date_gmt":"2019-11-13T23:08:43","guid":{"rendered":"http:\/\/www.protoxtype.com\/prodotto\/jeans-scuro-7-tasche-2\/"},"modified":"2024-01-26T08:09:54","modified_gmt":"2024-01-26T07:09:54","slug":"dunkle-jeans-herren-7-taschen","status":"publish","type":"product","link":"https:\/\/www.protoxtype.com\/de\/dunkle-jeans-herren-7-taschen\/","title":{"rendered":"Dunkle Jeans Herren 7 Taschen"},"content":{"rendered":"<h2>Dunkle Jeans Herren 7 Taschen<\/h2>\n<p>UnsereDunkle Jeans Herren 7 Taschen aus Bio-Baumwolle wurden auf dreidimensionale Modelle gebaut, um absolute Bewegungsfreiheit und Komfort zu gew\u00e4hrleisten. Dieses weiche Gewebe ist auch allergiegetestet, atmungsaktiv und antipilling. Das Design der vorderen Taschen wurde so gestaltet, dass auch die kleinsten darin liegenden Objekte nicht verloren gehen.<\/p>\n<p>Das Model tr\u00e4gt Gr\u00f6\u00dfe M<\/p>\n<p>&#8212;-<\/p>\n<p>87.5% Bio-Baumwolle 12% Polyester 0.5% Spandex<\/p>\n","protected":false},"excerpt":{"rendered":"<p>Dunkle Jeans Herren 7 Taschen UnsereDunkle Jeans Herren 7 Taschen aus Bio-Baumwolle wurden auf dreidimensionale Modelle gebaut, um absolute Bewegungsfreiheit und Komfort zu gew\u00e4hrleisten. Dieses weiche Gewebe ist auch allergiegetestet, atmungsaktiv und antipilling. Das Design der vorderen Taschen wurde so gestaltet, dass auch die kleinsten darin liegenden Objekte nicht verloren gehen. Das Model tr\u00e4gt Gr\u00f6\u00dfe [&hellip;]<\/p>\n","protected":false},"featured_media":5456,"template":"","meta":{"_acf_changed":false},"product_brand":[],"product_cat":[591,560,694,695,223,675],"product_tag":[],"class_list":{"0":"post-7492","1":"product","2":"type-product","3":"status-publish","4":"has-post-thumbnail","6":"product_cat-als-beweis","7":"product_cat-bio-baumwolle-kleidung-herren","8":"product_cat-bootsbekleidung","9":"product_cat-bootsbekleidung-fur-herren","10":"product_cat-naturfaser-herrenhosen","11":"product_cat-outdoor-bekleidung-herren","12":"pa_colore-dunkler-jeansstoff","13":"pa_taglia-l-de","14":"pa_taglia-m-de","15":"pa_taglia-s-de","16":"pa_taglia-xl-de","17":"pa_taglia-xxl-de","18":"pa_taglia-xxxl-de","20":"first","21":"onbackorder","22":"shipping-taxable","23":"purchasable","24":"product-type-variable","25":"has-default-attributes"},"acf":[],"_links":{"self":[{"href":"https:\/\/www.protoxtype.com\/de\/wp-json\/wp\/v2\/product\/7492","targetHints":{"allow":["GET"]}}],"collection":[{"href":"https:\/\/www.protoxtype.com\/de\/wp-json\/wp\/v2\/product"}],"about":[{"href":"https:\/\/www.protoxtype.com\/de\/wp-json\/wp\/v2\/types\/product"}],"version-history":[{"count":0,"href":"https:\/\/www.protoxtype.com\/de\/wp-json\/wp\/v2\/product\/7492\/revisions"}],"wp:featuredmedia":[{"embeddable":true,"href":"https:\/\/www.protoxtype.com\/de\/wp-json\/wp\/v2\/media\/5456"}],"wp:attachment":[{"href":"https:\/\/www.protoxtype.com\/de\/wp-json\/wp\/v2\/media?parent=7492"}],"wp:term":[{"taxonomy":"product_brand","embeddable":true,"href":"https:\/\/www.protoxtype.com\/de\/wp-json\/wp\/v2\/product_brand?post=7492"},{"taxonomy":"product_cat","embeddable":true,"href":"https:\/\/www.protoxtype.com\/de\/wp-json\/wp\/v2\/product_cat?post=7492"},{"taxonomy":"product_tag","embeddable":true,"href":"https:\/\/www.protoxtype.com\/de\/wp-json\/wp\/v2\/product_tag?post=7492"}],"curies":[{"name":"wp","href":"https:\/\/api.w.org\/{rel}","templated":true}]}}

<h2>Dunkle Jeans Herren 7 Taschen</h2>
<p>UnsereDunkle Jeans Herren 7 Taschen aus Bio-Baumwolle wurden auf dreidimensionale Modelle gebaut, um absolute Bewegungsfreiheit und Komfort zu gewährleisten. Dieses weiche Gewebe ist auch allergiegetestet, atmungsaktiv und antipilling. Das Design der vorderen Taschen wurde so gestaltet, dass auch die kleinsten darin liegenden Objekte nicht verloren gehen.</p>
<p>Das Model trägt Größe M</p>
<p>&#8212;-</p>
<p>87.5% Bio-Baumwolle 12% Polyester 0.5% Spandex</p>

<p>Dunkle Jeans Herren 7 Taschen UnsereDunkle Jeans Herren 7 Taschen aus Bio-Baumwolle wurden auf dreidimensionale Modelle gebaut, um absolute Bewegungsfreiheit und Komfort zu gewährleisten. Dieses weiche Gewebe ist auch allergiegetestet, atmungsaktiv und antipilling. Das Design der vorderen Taschen wurde so gestaltet, dass auch die kleinsten darin liegenden Objekte nicht verloren gehen. Das Model trägt Größe [&hellip;]</p>
